24*k**2 + 992*k + 12. Give z(2).
-500
Let c(q) = -q**2 + 535*q - 23288. Calculate c(48).
88
Let w(l) = 482*l**2 + 1785*l - 567. Determine w(-4).
5
Let i(q) = 10454*q + 18782. Give i(-2).
-2126
Let h(u) = -17*u**2 - 23*u + 986. Determine h(7).
-8
Let n(y) = 14*y**2 - 899*y - 7894. Determine n(72).
-46
Let r(f) = -34033*f - 170174. Calculate r(-5).
-9
Let d(b) = -7209*b - 467. Calculate d(0).
-467
Let t(p) = 39298*p**2 + 235788*p - 6. What is t(-6)?
-6
Let u(p) = 6*p**2 - 9618*p - 165235. Determine u(-17).
5
Let k(b) = 2*b**3 + 205*b**2 - 738*b + 496. What is k(-106)?
72
Let z(y) = -117*y**2 - 41890*y - 1119. Calculate z(-358).
313
Let u(o) = -o**3 - 420*o**2 - 4902*o - 2324. Calculate u(-408).
124
Let p(t) = -10*t**2 - 872*t - 1730. Give p(-2).
-26
Let y(u) = -180*u - 26557. Calculate y(-145).
-457
Let l(s) = -2*s**3 + 456*s**2 - 2*s + 524. Calculate l(228).
68
Let l(b) = 13*b**2 + 772*b + 10047. Calculate l(-13).
2208
Let u(t) = 3*t**2 - 601*t + 24255. Give u(56).
7
Let l(s) = -2*s**2 - 59*s + 763. Give l(-40).
-77
Let j(a) = 5*a**3 - 4*a**2 - 200*a - 585. Give j(-3).
-156
Let r(s) = -2*s**2 + 941*s - 96477. Give r(320).
-157
Let r(x) = 30*x**2 - 5778*x - 8141. Give r(194).
7
Let i(j) = -j**2 - 3801*j - 907539. Determine i(-256).
-19
Let i(b) = -8*b**2 - 138*b + 1419. What is i(10)?
-761
Let r(b) = 1330*b - 1856686. Determine r(1396).
-6
Let n(j) = -625*j + 86907. Determine n(139).
32
Let p(u) = -u**2 - 14892*u + 149024. What is p(10)?
4
Let c(q) = -267*q + 55202. Determine c(207).
-67
Let c(a) = -6*a**3 - 478*a**2 + 149*a - 994. Give c(-80).
-114
Let n(s) = -141618*s - 1132949. Determine n(-8).
-5
Let o(h) = 2*h**2 - 133797*h - 7766948. Determine o(-58).
6
Let m(v) = 39453*v - 236682. What is m(6)?
36
Let c(b) = 14187*b + 595843. Calculate c(-42).
-11
Let c(o) = 575907*o - 2303555. Calculate c(4).
73
Let a(l) = l**2 - 7313*l - 2794431. Determine a(-364).
-3
Let p(b) = -2570735*b + 7. Give p(0).
7
Let m(u) = u**2 + 2342*u - 62152. Give m(26).
-584
Let a(j) = 10*j**2 + 895*j - 14718. Give a(14).
-228
Let t(j) = -j**2 + 158*j - 5380. What is t(114)?
-364
Let i(b) = -7*b**2 - 2383*b + 1277. What is i(-341)?
-87
Let q(a) = 10*a**2 - 145*a - 1077. What is q(-6)?
153
Let z(t) = 1757*t + 611431. What is z(-348)?
-5
Let p(v) = v**3 + 73*v**2 - 2098*v - 12376. Determine p(26).
0
Let z(u) = -82*u**2 + 10815*u - 31710. Calculate z(3).
-3
Let r(k) = 8*k**2 + 36*k - 1160. What is r(14)?
912
Let f(v) = 31*v**3 - 90*v**2 + 188*v - 18. What is f(2)?
246
Let g(r) = 142*r**3 + 998*r**2 + 85*r + 394. What is g(-7)?
-5
Let m(g) = 15*g**3 + 1890*g**2 + 12. What is m(-126)?
12
Let r(p) = -2*p**3 + 772*p**2 + 3152*p - 12426. Give r(390).
54
Let z(h) = h**2 + 2393*h + 59189. Calculate z(-25).
-11
Let p(h) = -169*h + 344. Give p(4).
-332
Let l(a) = 69*a - 1734. What is l(23)?
-147
Let m(r) = 55*r - 5742. Give m(103).
-77
Let b(x) = 6477*x - 181334. Calculate b(28).
22
Let y(j) = -j**3 + 17*j + 12. Calculate y(-3).
-12
Let t(l) = l**3 - 49*l**2 + 382*l + 4342. What is t(34)?
-10
Let s(q) = -724*q + 4035. Calculate s(9).
-2481
Let w(q) = 733*q + 253055. What is w(-345)?
170
Let b(i) = 2*i**3 + 371*i**2 - 1596*i - 51590. What is b(-189)?
7
Let m(f) = -22099*f + 331482. Calculate m(15).
-3
Let o(t) = -787*t + 21270. Determine o(27).
21
Let g(j) = 62*j**2 + 1406*j - 2828. Calculate g(2).
232
Let a(p) = -308*p - 5947. What is a(-31)?
3601
Let x(f) = -2*f**3 - 159*f**2 - 284*f - 3831. Determine x(-78).
69
Let l(g) = 1425*g + 122337. Give l(-86).
-213
Let q(z) = -7*z**3 + 123*z**2 + z - 41. Give q(14).
4873
Let i(u) = 5*u**3 - 311*u**2 - 894*u - 1122. Give i(65).
-82
Let g(v) = -6*v**2 + 64*v + 692. Determine g(-11).
-738
Let t(f) = -5049*f - 45429. Determine t(-9).
12
Let v(m) = 3754*m - 11114. Calculate v(3).
148
Let y(r) = 46620*r - 373010. What is y(8)?
-50
Let v(r) = -r**2 + 598*r - 5340. Give v(9).
-39
Let y(a) = -126231*a + 1262322. Determine y(10).
12
Let r(f) = -153*f**2 + 5854*f - 1499. Give r(38).
21
Let v(w) = -1260*w**2 - 5*w + 4. Give v(1).
-1261
Let q(c) = 1959*c + 503288. Determine q(-257).
-175
Let b(i) = -24*i**2 - 951*i + 5800. What is b(-45)?
-5
Let d(f) = f**3 - 8*f**2 - 183*f + 1126. Determine d(16).
246
Let x(f) = -18*f**3 + 1686*f**2 - 2763*f + 284. Calculate x(92).
8
Let l(w) = -1485*w + 1442. Determine l(1).
-43
Let a(i) = 2*i**2 + 174*i + 3412. Calculate a(-65).
552
Let t(s) = -1779*s + 56955. What is t(32)?
27
Let m(x) = -68226*x - 341129. Calculate m(-5).
1
Let i(r) = -352*r**2 + 20132*r - 3878. What is i(57)?
-2
Let k(o) = o**3 + 197*o**2 + 6061*o - 3938. Determine k(-39).
1
Let r(d) = -18*d - 973. What is r(-22)?
-577
Let y(a) = 1198*a + 28729. Determine y(-24).
-23
Let f(q) = -129*q**2 - 3298*q + 1087. Calculate f(-26).
-369
Let k(u) = 22*u**2 - 637*u + 133. Give k(5).
-2502
Let u(r) = -1881*r + 1594. Calculate u(1).
-287
Let k(w) = 388*w + 51623. Determine k(-133).
19
Let f(t) = 2*t**3 - 57*t**2 + 115*t - 577. What is f(5)?
-1177
Let q(l) = 1564*l**2 - 39*l - 3. Determine q(1).
1522
Let w(m) = 2607*m - 27933. Give w(10).
-1863
Let t(m) = -76*m**3 + 226*m**2 - 16. Determine t(3).
-34
Let r(t) = 2*t**3 + 653*t**2 - 20995*t + 3243. Give r(-356).
39
Let t(q) = -2*q**2 - 1963*q + 118394. What is t(57)?
5
Let o(x) = -422*x**2 + 35874*x - 326. Determine o(85).
14
Let d(t) = -32168*t**2 - 96507*t - 22. Give d(-3).
-13
Let q(i) = 79*i**2 + 28*i - 620. Determine q(-3).
7
Let d(b) = b**3 + 26*b**2 + 34*b - 498. Calculate d(-6).
18
Let u(x) = x**2 + 646*x - 3796. Determine u(6).
116
Let m(g) = 306*g + 7532. What is m(-26)?
-424
Let p(a) = 6*a**3 + 850*a**2 - 958*a + 26596. Calculate p(-143).
-2
Let s(w) = -2*w**2 - 43*w - 476. What is s(-32)?
-1148
Let q(v) = 5*v**3 - 8*v**2 + 981*v - 3015. Determine q(3).
-9
Let c(y) = -334*y**2 + 41743*y + 880. Give c(125).
5
Let u(g) = 2193*g + 1657895. Calculate u(-756).
-13
Let l(d) = 195*d + 458. Calculate l(-3).
-127
Let p(f) = -2*f**3 - 2*f**2 + 22. What is p(6)?
-482
Let o(d) = -44*d - 3493. Calculate o(-72).
-325
Let c(x) = 6*x**3 - x**2 - 12*x + 29. Determine c(-6).
-1231
Let b(i) = -283*i + 19844. Determine b(70).
34
Let j(u) = 148*u**2 + 903*u + 53. Determine j(-6).
-37
Let k(p) = -55*p**3 - 5*p**2 - 15*p - 19. Determine k(-1).
46
Let d(s) = 28*s**3 - 360*s**2 - 29*s - 292. Give d(13).
7
Let z(u) = -5*u**2 - 462*u + 56808. Give z(70).
-32
Let j(d) = 812*d - 100705. What is j(124)?
-17
Let p(t) = 7*t**3 - 30*t**2 - 573*t - 10. What is p(-7)?
130
Let i(j) = 3*j**2 + 597*j + 5259. Give i(-9).
129
Let u(v) = 37271*v + 260803. Give u(-7).
-94
Let f(h) = 1041*h - 46823. Determine f(45).
22
Let x(o) = -260*o**3 - 10*o**2 - 49*o - 67. Determine x(-2).
2071
Let w(v) = -v**3 - 58*v**2 + 44*v + 2105. Determine w(-58).
-447
Let l(x) = -61*x**2 + 7285*x + 14576. Determine l(-2).
-238
Let t(k) = 1014*k**2 - 12075*k + 20090. Calculate t(2).
-4
Let d(q) = -1437*q + 73258. Give d(51).
-29
Let b(s) = -2965*s + 96561. Calculate b(33).
-1284
Let z(g) = g**3 + 17*g**2 - 1045*g - 18197. What is z(-17)?
-432
Let h(n) = -6*n**2 - 326. What is h(-12)?
-1190
Let v(g) = 184760*g - 2771407. Give v(15).
-7
Let v(s) = s**3 - 22*s**2 - 20618*s - 400. Give v(-133).
-1
Let a(s) = -364203*s - 2549416. Give a(-7).
5
Let i(z) = 3440*z - 96306. Give i(28).
14
Let u(b) = -143695*b + 431110. Determine u(3).
25
Let h(a) = -164105*a + 1969286. Calculate h(12).
26
Let h(d) = 18*d**2 + 5799*d + 56184. Calculate h(-10).
-6
Let o(z) = -148*z - 3883. Determine o(-31).
705
Let f(r) = 4*r**3 + 47*r**2 + 199*r + 463. Determine f(-7).
1
Let t(a) = -59*a - 2832. Determine t(-62).
826
Let y(f) = -f**3 - 38*f**2 - 311*f - 98. Calculate y(-27).
280
Let r(q) = -69782*q - 139561. Determine r(-2).
3
Let z(m) = -5*m**3 + 25*m**2 + 175*m - 23. What is z(-4)?
-3
Let f(x) = -x**3 + 53*x**2 + 301*x + 3. Determine f(-6).
321
Let f(l) = l**3 - 129*l**2 - 6550*l + 98. Determine f(-39).
20
Let z(u) = -204*u**2 - 4111*u + 26. What is z(-20)?
646
Let p(g) = -14857*g - 297217. Determine p(-20).
-77
Let g(w) = 3042*w + 94263. Give g(-31).
-39
Let y(t) = 3*t**3 - 355*t**2 + 84*t + 3536. Give y(118).
-476
Let f(a) = -19*a**2 - 846*a - 5357. Give f(-37).
-66
Let b(s) = -15597*s - 15597. Calculate b(-1).
0
Let s(c) = 2973*c + 517315. Determine s(-174).
13
Let m(f) = -162*f - 2